{"id":22,"date":"2013-03-06T17:20:40","date_gmt":"2013-03-06T20:20:40","guid":{"rendered":"http:\/\/colegioipal.com\/?page_id=22"},"modified":"2024-12-05T17:18:26","modified_gmt":"2024-12-05T20:18:26","slug":"nuestra-institucion-2","status":"publish","type":"page","link":"https:\/\/colegioipal.com\/?page_id=22","title":{"rendered":"Nuestra Instituci\u00f3n"},"content":{"rendered":"<p style=\"text-align: justify;\">Nuestra Escuela fue fundada en el a\u00f1o 1980, por el profesor <a title=\"Nuestro fundador\" href=\"http:\/\/colegioipal.com\/?p=68\">Juan Jos\u00e9 Narv\u00e1ez<\/a>. Desde sus or\u00edgenes se trabaj\u00f3 con la premisa principal de que las buenas relaciones humanas ser\u00edan el \u00e9xito de una fruct\u00edfera instituci\u00f3n, formadora de adultos con valores \u00e9ticos y afectivos, en un clima de absoluta responsabilidad y amplia colaboraci\u00f3n.<\/p>\n<p style=\"text-align: justify;\">Las disciplinas curriculares se organizan por \u00e1reas, estableciendo criterios de continuidad y articulando los distintos niveles. Las disciplinas extracurriculares actualmente son:<\/p>\n<ul>\n<li><span style=\"line-height: 1.714285714; font-size: 1rem;\">Ingl\u00e9s<\/span><\/li>\n<li><span style=\"line-height: 1.714285714; font-size: 1rem;\">Teatro<\/span><\/li>\n<li><span style=\"line-height: 1.714285714; font-size: 1rem;\">Inform\u00e1tica<\/span><\/li>\n<\/ul>\n<p style=\"text-align: justify;\">Fomentando la actualizaci\u00f3n y perfeccionamiento de los alumnos.<\/p>\n<p style=\"text-align: justify;\">Acorde al medio y a la realidad vigente, cuenta con Gabinete Psicopedag\u00f3gico, que brinda apoyo a los alumno, sus familias y al personal docente.<\/p>\n<p style=\"text-align: justify;\">Se trabaja con proyectos institucionales que tiendan a elevar el nivel cultural, tal como la participaci\u00f3n en las olimpiadas de matem\u00e1ticas, feria de ciencias, proyectos de lectura y alumnos tutores en todos los niveles, obteniendo excelentes resultados a trav\u00e9s de los a\u00f1os.<\/p>\n<p><em><strong>Autoridades:<\/strong><\/em><\/p>\n<p style=\"padding-left: 40px;\"><strong>Representante Legal:<\/strong>\u00a0 Narv\u00e1ez, Gabriela Mar\u00eda<\/p>\n<p style=\"padding-left: 40px;\"><strong>NIVEL PRIMARIO E INICIAL<\/strong><\/p>\n<p style=\"padding-left: 80px;\"><strong>Directora: <\/strong>Catizzone, Patricia<\/p>\n<p style=\"padding-left: 80px;\"><strong>Vicedirectora: <\/strong>Gonzalez, Claudia<\/p>\n<p style=\"padding-left: 80px;\"><strong>Secretaria: <\/strong>Narv\u00e1ez, Mar\u00eda Jos\u00e9<\/p>\n<p style=\"padding-left: 40px;\"><strong>NIVEL SECUNDARIO<\/strong><\/p>\n<p style=\"padding-left: 80px;\"><strong>Directora: <\/strong>Narv\u00e1ez, Federica<\/p>\n<p style=\"padding-left: 80px;\"><strong>Vicedirectora: <\/strong>Chia, Andrea<\/p>\n<p style=\"padding-left: 80px;\"><strong>Secretario: <\/strong>Cesaretti, Pablo<\/p>\n<p style=\"text-align: center;\"><span style=\"color: #339966;\"><strong><em>Lograr una actitud de disposici\u00f3n constante de ense\u00f1ar y aprender, a trav\u00e9s de caminos propios y de la b\u00fasqueda de los medios necesarios es nuestro desaf\u00edo diario.<\/em><\/strong><\/span><\/p>\n\n\n<p><\/p>\n","protected":false},"excerpt":{"rendered":"<p>Nuestra Escuela fue fundada en el a\u00f1o 1980, por el profesor Juan Jos\u00e9 Narv\u00e1ez. Desde sus or\u00edgenes se trabaj\u00f3 con la premisa principal de que las buenas relaciones humanas ser\u00edan el \u00e9xito de una fruct\u00edfera instituci\u00f3n, formadora de adultos con valores \u00e9ticos y afectivos, en un clima de absoluta responsabilidad y amplia colaboraci\u00f3n. Las disciplinas [&hellip;]<\/p>\n","protected":false},"author":1,"featured_media":0,"parent":0,"menu_order":0,"comment_status":"closed","ping_status":"open","template":"","meta":{"footnotes":""},"class_list":["post-22","page","type-page","status-publish","hentry"],"_links":{"self":[{"href":"https:\/\/colegioipal.com\/index.php?rest_route=\/wp\/v2\/pages\/22","targetHints":{"allow":["GET"]}}],"collection":[{"href":"https:\/\/colegioipal.com\/index.php?rest_route=\/wp\/v2\/pages"}],"about":[{"href":"https:\/\/colegioipal.com\/index.php?rest_route=\/wp\/v2\/types\/page"}],"author":[{"embeddable":true,"href":"https:\/\/colegioipal.com\/index.php?rest_route=\/wp\/v2\/users\/1"}],"replies":[{"embeddable":true,"href":"https:\/\/colegioipal.com\/index.php?rest_route=%2Fwp%2Fv2%2Fcomments&post=22"}],"version-history":[{"count":6,"href":"https:\/\/colegioipal.com\/index.php?rest_route=\/wp\/v2\/pages\/22\/revisions"}],"predecessor-version":[{"id":721,"href":"https:\/\/colegioipal.com\/index.php?rest_route=\/wp\/v2\/pages\/22\/revisions\/721"}],"wp:attachment":[{"href":"https:\/\/colegioipal.com\/index.php?rest_route=%2Fwp%2Fv2%2Fmedia&parent=22"}],"curies":[{"name":"wp","href":"https:\/\/api.w.org\/{rel}","templated":true}]}}